ppose o = 2*d - k - 107, 0 = 2*d + 2*k - 78 - 14. Calculate the remainder when d is divided by 8.
3
Let t(h) = h - 26 + 106 - 13*h + 121 - 4. What is the remainder when t(5) is divided by 51?
35
What is the remainder when (-23)/(((-34)/204)/(157/6)) is divided by 1800?
11
Let t = -99140 + 99156. Suppose 0 = -4*q - 12, 2*q = 2*o - 86 - 14. What is the remainder when o is divided by t?
15
Let z = 0 + 6. Suppose z*o - 6 = 3*o, 22 = 3*a - 4*o. Suppose -5*g - 2*k = -65, 677 = -3*g - 3*k + 698. Calculate the remainder when g is divided by a.
7
Suppose 6*b - 378 = -3*b. Calculate the remainder when 125 is divided by b*1*2*1/6.
13
Suppose 80*a - 8110 = 6610. What is the remainder when a is divided by 58?
10
Let n = -4329 - -4360. Let f = 140 + -84. Calculate the remainder when f is divided by n.
25
Suppose -5*l + 790 = p + 4*p, 0 = 2*l + 8. Let o = -104 + p. Calculate the remainder when o is divided by 26.
6
Calculate the remainder when 2476 is divided by ((-384)/(-480))/((-4)/(-620)).
120
Let z(p) = 339*p + 702. Suppose -4*v + 370 = -g, g + g + 89 = v. What is the remainder when v is divided by z(-2)?
21
Let m(j) be the second derivative of 11*j**3/6 + 16*j**2 + 25*j. Let w be m(-9). Let g = -9 - w. What is the remainder when g is divided by 12?
10
Let v = 4780 + -4185. What is the remainder when v is divided by 152?
139
Let w = 93 - 91. Suppose 3*n = 2*c - 54, 0 = -w*c - 2*c + 2*n + 100. Calculate the remainder when c is divided by 15.
9
Let q(s) = -5*s - 15. Let y be q(-6). Suppose -3*p - f + 20 = -19, 0 = 5*f + y. Suppose 3 = -i + 38. Calculate the remainder when i is divided by p.
7
Let i = 670 - 666. Suppose -4*r + 48 = b - 28, 5*r = i*b - 367. Calculate the remainder when b is divided by 57.
31
Suppose -3*k = 2*j - 174, 6*k - 10*k + 218 = -2*j. Calculate the remainder when k is divided by (2/6)/(4/264).
12
Let t = 140 - 151. Let v(d) = d**3 + 13*d**2 + 22*d + 7. Calculate the remainder when 50 is divided by v(t).
1
Let i(q) = -2*q**2 + 243. Calculate the remainder when 432 is divided by i(9).
27
Suppose 3650 + 653 = 258*v + 73*v. Calculate the remainder when v is divided by 7.
6
Let h = -662 - -1033. Let o = 399 - h. What is the remainder when 335 is divided by o?
27
Let l(d) = -251*d + 528. What is the remainder when 643 is divided by l(2)?
19
Suppose 2 + 5 = -7*k. Let g be (2*-4)/(1 - k). Let i = 20 + g. Calculate the remainder when i is divided by 5.
1
Let i = -584 - -198. Let v = -343 - i. What is the remainder when 169 is divided by v?
40
Suppose -48*w = -46*w - 2522. Suppose w = 12*x + 385. Let g = 93 - x. What is the remainder when 74 is divided by g?
14
Suppose 8*n - 51 = -5*v + 5*n, 2*n = -4*v + 40. Suppose -18*h + 324 = -36. Calculate the remainder when h is divided by v.
2
Let i(t) = 16*t - 12. Let z be i(6). Let j = z + -63. What is the remainder when 18 is divided by 3 + 3/j + (-3)/21?
0
Let f = 60350 + -59897. Suppose -3*a - 25 = -4*a - 5*i, -4 = 2*i. What is the remainder when f is divided by a?
33
Suppose 0 = 30*f + f - 2015. What is the remainder when 15729 is divided by f?
64
Let c(a) = a**2 - 90. Let x be c(10). Suppose 0 = i - 5, -x*s + 5*s - 5*i = -135. What is the remainder when 62 is divided by s?
18
Suppose -6*n - 5*l = -6, -7*l = -4*l. Calculate the remainder when n/(19/606) + (-52)/(-494) is divided by 4.
0
Suppose -1425 = -19*o + 1672. Calculate the remainder when o is divided by 4.
3
Let s(v) = -25*v + 11. Let u(l) = 7*l + 11. Let q be u(-2). Calculate the remainder when 343 is divided by s(q).
85
Let l = 26 - 16. Let h = 147 + -142. Suppose -112 = h*n - 147. Calculate the remainder when l is divided by n.
3
What is the remainder when 136 is divided by 60*10*(-6)/(-56) + 16/(-56)?
8
Let y(w) = w**3 - 20*w**2 - 639*w. Calculate the remainder when 527 is divided by y(-17).
17
Let o be (-100)/(-20) - (-4 + -3). Suppose 105 + 2319 = o*y. Calculate the remainder when y is divided by 29.
28
Suppose -d + 14 = 2*n, 5*d + 0*d = 20. Suppose -5*b + 3*k + 127 = 5*k, 0 = -2*b - n*k + 55. What is the remainder when b is divided by 19?
6
Let z(u) = 140*u - 331. What is the remainder when 398 is divided by z(4)?
169
Suppose -267*l + 242*l + 7825 = 0. Suppose u - 320 = -3*u. What is the remainder when l is divided by u?
73
Suppose 4*n - n = 5*j + 1201, -2*n + j = -810. Suppose 6*z = n + 13. Calculate the remainder when z is divided by 25.
20
Suppose 10 = -26*j + 62. Suppose -g - j + 73 = 0. Calculate the remainder when g is divided by 16.
7
Let s = -2 + 3. Let r(v) = -v + 11. Let l be r(-1). Let u = s + l. Calculate the remainder when 36 is divided by u.
10
Suppose 3*n = -4*f + 179, 0 = -f + n + 23 + 13. Let v = -25 + f. Suppose -3*c = j + 49 - 67, -3*c = 4*j - 36. Calculate the remainder when v is divided by j.
4
Let a(w) = 3*w**2 + 23*w + 18. Suppose 11*k - 54 = 17*k. Calculate the remainder when 87 is divided by a(k).
33
Suppose 28*q - 89 = 19*q + 253. Suppose 25 = -5*b, -3*b - b = y - 122. What is the remainder when y is divided by q?
28
Let m be (-34 - -29) + (-1 - -390). Suppose 13*i - 25*i + m = 0. Calculate the remainder when 120 is divided by i.
24
Suppose 7*h + 8 = -27. Let x be 15 + ((-25)/h - 2). What is the remainder when 14 is divided by ((x/(-3))/6)/((-2)/14)?
0
Let r = -42 + 44. Suppose j - r*j = -5*y + 15, 0 = -3*y + 3. Let i = j + 42. What is the remainder when 91 is divided by i?
27
Calculate the remainder when 198 is divided by 42 - (91/(-7) - -4).
45
Let g(s) = -2*s**2 + 59*s + 9. What is the remainder when g(27) is divided by 76?
68
Let m(j) = -j**3 + 32*j**2 + 155*j - 386. Calculate the remainder when 191 is divided by m(36).
1
Suppose 138 - 116 = 11*t. Let g be 0 - 3 - -5*1. Suppose -g*u + 9 = u. Calculate the remainder when u is divided by t.
1
Suppose 125*z + 36 = 2882 + 1779. Let a(u) = u + 7. Let n be a(-5). Suppose 2*i + n*i = 580. What is the remainder when i is divided by z?
34
Let o(u) = -u**3 - 84*u**2 + 265*u + 420. Calculate the remainder when 646 is divided by o(-87).
70
What is the remainder when 4218 is divided by 5*((-285)/75 - -8)?
18
Let z(k) = 5*k**2 - 47*k - 36. Let a(q) = 5*q**2 - 48*q - 36. Let w(c) = 3*a(c) - 2*z(c). Calculate the remainder when w(11) is divided by 8.
3
Suppose 3*h - 2*u = 139, -189*h + 50 = -188*h + 3*u. What is the remainder when h is divided by (-109)/(-4) + 1/(-4)?
20
Suppose r + y = 25, 33*r - 5*y - 83 = 30*r. Calculate the remainder when 50*(-2 - -6 - (2 - -1)) is divided by r.
24
Suppose -1091*y - 2652 = -1103*y. Calculate the remainder when y is divided by 73.
2
Let z = 533 - 528. Let m(d) = -d**2 + 9*d + 6. Calculate the remainder when 45 is divided by m(z).
19
Let q(u) be the second derivative of -3*u**5/20 + u**4/12 + u**3/6 + 327*u**2/2 - u + 147. What is the remainder when q(0) is divided by 15?
12
What is the remainder when (-870544)/(-88) + 102/(-187) - -7 is divided by 22?
21
Let r = -3747 + 3825. What is the remainder when r is divided by 29?
20
Suppose -57*i + 17900 = 122*i. What is the remainder when 593 is divided by i?
93
Let s(q) = 13*q - 1. Let a(p) = 10*p**2 + 1090*p - 3278. Calculate the remainder when a(3) is divided by s(1).
10
Let a(r) = 105*r - 7. Let k be a(-6). Let g = -937 - k. Let j = -50 - g. What is the remainder when j is divided by 36?
34
Let q(p) = -190*p**3 - 4*p**2 - 8*p - 10. What is the remainder when q(-2) is divided by 42?
40
Suppose -4*y = -4*t + 40, 3*t = 5*y - 73 + 111. Calculate the remainder when 10/25*1*25 is divided by t.
4
Let r(q) = -53 + 215*q - 2 - 422*q - 7 + 229*q. Calculate the remainder when r(12) is divided by 42.
34
Suppose -27*o + 35*o - 2144 = 0. Suppose b = 295 - o. Calculate the remainder when 80 is divided by b.
26
Let x be (1 + 63 - 2) + (-44)/11. Suppose -x*t + 396 = -52*t. What is the remainder when 393 is divided by t?
63
Let b(w) = -2*w**3 - 4*w**2 + 2*w + 3. Suppose -18*s + 54 = -16*s - 2*r, -s = 4*r - 57. What is the remainder when b(-4) is divided by s?
26
Let b(g) = -4*g + 4. Let z be b(6). Let a(v) = -v**2 - 17*v + 61. What is the remainder when 1 is divided by a(z)?
0
What is the remainder when ((-9436)/42)/((-6)/27) is divided by (11/(-3))/(20/(8 + -248))?
43
Suppose 59*x = 17*x + 20790. Calculate the remainder when x is divided by 122.
7
Let c = 79 - 40. Suppose -7*g + 2*g + 75 = -z, 5*z +